{"id":2827,"date":"2020-03-19T14:05:27","date_gmt":"2020-03-19T13:05:27","guid":{"rendered":"https:\/\/carnicaspascual.com\/?page_id=2827"},"modified":"2021-05-24T12:03:18","modified_gmt":"2021-05-24T10:03:18","slug":"aviso-legal","status":"publish","type":"page","link":"https:\/\/carnicaspascual.com\/?page_id=2827","title":{"rendered":"Aviso Legal"},"content":{"rendered":"<div class=\"row-bg-wrap instance-1\"><strong>DATOS IDENTIFICATIVOS<\/strong><\/div>\n<div class=\"col span_12 dark left\">\n<div class=\"vc_col-sm-12 wpb_column column_container vc_column_container col no-extra-padding instance-1\" data-shadow=\"none\" data-border-animation=\"\" data-border-animation-delay=\"\" data-border-width=\"none\" data-border-style=\"solid\" data-border-color=\"\" data-bg-cover=\"\" data-padding-pos=\"all\" data-has-bg-color=\"false\" data-bg-color=\"\" data-bg-opacity=\"1\" data-hover-bg=\"\" data-hover-bg-opacity=\"1\" data-animation=\"\" data-delay=\"0\">\n<div class=\"vc_column-inner\">\n<div class=\"wpb_wrapper\">\n<div class=\"wpb_text_column wpb_content_element \">\n<div class=\"wpb_wrapper\">\n<p>\u00a0En cumplimiento con el art\u00edculo 10 de la Ley 34\/2002, de 11 de julio, de Servicios de la Sociedad de la Informaci\u00f3n y del Comercio Electr\u00f3nico, se informa que el sitio web\u00a0<strong>carnicaspascual.com<\/strong>\u00a0, en adelante denominado \u201cSitio Web\u201d, pertenece y es gestionado por <strong>C\u00e1rnicas Pascual e Hijos SL<\/strong>, en lo sucesivo denominado \u201cTitular\u201d, con C<strong>IF: B 82489907<\/strong><span class=\"copyright\">\u00a0<\/span><strong>, Avda de la Independencia 15 Local. 28701\u00a0(Madrid) <\/strong>. Para cualquier consulta relativa a este Sitio Web pude utilizar la direcci\u00f3n de correo electr\u00f3nico <strong>info@carnicaspascual.com<\/strong><\/p>\n<p><strong>T\u00c9RMINOS Y CONDICIONES DE USO<\/strong><\/p>\n<p>El acceso a este Sitio Web es gratuito y no exige suscripci\u00f3n o registro. El hecho de estar en este Sitio Web le asigna a usted el car\u00e1cter de \u201cUsuario\u201d. Le recomendamos que lea con atenci\u00f3n lo establecido en este Aviso Legal, la Pol\u00edtica de Privacidad y la\u00a0Ley de Cookies\u00a0de este Sitio Web.<\/p>\n<p>La informaci\u00f3n de esos tres apartados son susceptibles de cambio sin previo aviso, por lo que tambi\u00e9n es recomendable que la vuelva a leer cada cierto tiempo. Si usted sigue navegando por este Sitio Web se entender\u00e1 que ha aceptado las condiciones de uso de este Aviso Legal as\u00ed como la Pol\u00edtica de Privacidad. De no ser as\u00ed, le rogamos que no siga utilizando este Sitio Web.<\/p>\n<p>Usted se abstendr\u00e1 de usar <strong>carnicaspascual.com<\/strong>\u00a0con el objetivo de a) la promoci\u00f3n de un lugar (spam) en vez de la promoci\u00f3n de noticias interesantes de diferentes lugares; b) las campa\u00f1as comerciales (aunque el lugar promocionado no contenga publicidad directa), pol\u00edticas o ideol\u00f3gicos promoviendo el voto masivo a las noticias objeto de la campa\u00f1a o del lugar promocionado; c) la publicaci\u00f3n de noticias falsas y\/o de difamaci\u00f3n e insultos a terceras personas.<\/p>\n<p>As\u00ed mismo, usted se compromete a abstenerse de emplear cualquier medio y\/o tecnolog\u00eda que pueda suprimir, alterar, eludir o manipular cualquier dispositivo, medio o sistema de seguridad que puedan estar instalados en este Sitio Web y que comporte riesgo, da\u00f1o, merma o inutilizaci\u00f3n de este Sitio Web y\/o sus contenidos. El titular se reserva el derecho a denegar el acceso y\/o uso de <strong>carnicaspascual.com<\/strong>\u00a0o de cualquiera de sus contenidos y\/o servicios, a cualquier usuario que hubiera incumplido las presentes Condiciones Generales.<\/p>\n<p><strong>PROPIEDAD INTELECTUAL<\/strong><\/p>\n<p>Todos los contenidos de este Sitio Web, ya sean dise\u00f1os, im\u00e1genes, marcas, logotipos, textos, dominio y en general cualesquiera otros elementos susceptibles de protecci\u00f3n por derechos de propiedad intelectual, est\u00e9n en el formato, lenguaje de programaci\u00f3n y forma de representaci\u00f3n que sea, son propiedad del Titular o bien \u00e9ste ha adquirido los correspondientes derechos de sus propietarios.<\/p>\n<p>El uso, la reproducci\u00f3n total o parcial, la distribuci\u00f3n, comunicaci\u00f3n p\u00fablica, transformaci\u00f3n o cualquier otra actividad similar de todos los contenidos a los que hace referencia el p\u00e1rrafo anterior est\u00e1 permitida siempre que sea sin \u00e1nimo de lucro, no se intente da\u00f1ar la imagen o los intereses de la Titular o terceros leg\u00edtimos, no se utilice para competencia desleal, se haga constar la fuente y se incluya un enlace\u00a0a este Sitio Web.<\/p>\n<p><strong>LIMITACI\u00d3N DE RESPONSABILIDAD<\/strong><\/p>\n<p>Todo el contenido de este Sitio Web que no sea un producto o servicio comercial es de car\u00e1cter informativo y divulgativo, extra\u00eddo de la propia experiencia y conocimiento del Titular y ha sido puesto a disposici\u00f3n del Usuario de buena fe. No constituye ning\u00fan asesoramiento profesional, por lo que el Titular se exime de cualquier responsabilidad, directa o indirecta, que pudiese derivarse del uso o aplicaci\u00f3n de la informaci\u00f3n de este Sitio Web.<\/p>\n<p>Los enlaces (hiperv\u00ednculos) o contenidos de terceros que aparecen en esta web, entre ellos los comentarios al blog, se facilitan con la finalidad de ampliar la informaci\u00f3n o indicar otro punto de vista. Su inclusi\u00f3n no implica la aceptaci\u00f3n de dichos contenidos, ni la asociaci\u00f3n del Titular con los responsables de los mismos, por lo que rechaza toda responsabilidad en relaci\u00f3n con los mismos, as\u00ed como por los da\u00f1os que pudieran causarse por cualquier motivo en su sistema inform\u00e1tico (equipo y aplicaciones), documentos o ficheros.<\/p>\n<p>El Titular s\u00f3lo podr\u00e1 ser responsable por dichos contenidos conforme a lo establecido en la Ley 34\/2002, de 11 de julio, de Servicios de la Sociedad de la Informaci\u00f3n y de Comercio Electr\u00f3nico, en caso de que, habiendo tenido conocimiento efectivo de su ilicitud o de que lesiona los bienes o intereses de un tercero, no elimine o bloquee los correspondientes contenidos.<\/p>\n<p>El Titular no garantiza la fiabilidad, disponibilidad o continuidad de este sitio web ni de sus contenidos por motivos t\u00e9cnicos, de seguridad, control o mantenimiento del servicio, por fallos debidos al servidor que aloja los contenidos o de otros intermediarios o proveedores, por ataques contra el sistema inform\u00e1tico, ni por cualesquiera otros motivos que se deriven de causas que escapen a su control, por lo que rechaza cualquier responsabilidad, directa o indirecta, por los mismos.<\/p>\n<p><strong>MODIFICACIONES Y ACTUALIZACIONES<\/strong><\/p>\n<p>El Titular se reserva el derecho de efectuar en cualquier momento y sin necesidad de aviso, modificaciones y actualizaciones de la informaci\u00f3n contenida en este Sitio Web, de la configuraci\u00f3n, disponibilidad y presentaci\u00f3n de \u00e9ste.<\/p>\n<p><strong>LEGISLACI\u00d3N APLICABLE Y JURISDICCI\u00d3N<\/strong>\u00a0Ambas partes Usuario\u00a0y Titular, renunciando expresamente a su propio fuero, aceptan como legislaci\u00f3n rectora de las presentes Condiciones la espa\u00f1ola, y para la resoluci\u00f3n de cuantas controversias o litigios pudieran derivarse de las mismas acuerdan someterse a la jurisdicci\u00f3n de los Juzgados y Tribunales de la Comunidad de Madrid.<\/p>\n<\/div>\n<\/div>\n<\/div>\n<\/div>\n<\/div>\n<\/div>\n","protected":false},"excerpt":{"rendered":"<p>DATOS IDENTIFICATIVOS \u00a0En cumplimiento con el art\u00edculo 10 de la Ley 34\/2002, de 11 de julio, de Servicios de la Sociedad de la Informaci\u00f3n y del Comercio Electr\u00f3nico, se informa que el sitio web\u00a0carnicaspascual.com\u00a0, en adelante denominado \u201cSitio Web\u201d, pertenece y es gestionado por C\u00e1rnicas Pascual e Hijos SL, en lo sucesivo denominado \u201cTitular\u201d, con &hellip; <a href=\"https:\/\/carnicaspascual.com\/?page_id=2827\" class=\"more-link\">Continue reading <span class=\"screen-reader-text\">Aviso Legal<\/span><\/a><\/p>\n","protected":false},"author":1,"featured_media":0,"parent":0,"menu_order":0,"comment_status":"closed","ping_status":"closed","template":"","meta":{"footnotes":""},"class_list":["post-2827","page","type-page","status-publish","hentry"],"yoast_head":"<!-- This site is optimized with the Yoast SEO plugin v27.5 - https:\/\/yoast.com\/product\/yoast-seo-wordpress\/ -->\n<title>Aviso Legal - C\u00e1rnicas Pascual<\/title>\n<meta name=\"robots\" content=\"noindex, nofollow\" \/>\n<meta property=\"og:locale\" content=\"es_ES\" \/>\n<meta property=\"og:type\" content=\"article\" \/>\n<meta property=\"og:title\" content=\"Aviso Legal - C\u00e1rnicas Pascual\" \/>\n<meta property=\"og:description\" content=\"DATOS IDENTIFICATIVOS \u00a0En cumplimiento con el art\u00edculo 10 de la Ley 34\/2002, de 11 de julio, de Servicios de la Sociedad de la Informaci\u00f3n y del Comercio Electr\u00f3nico, se informa que el sitio web\u00a0carnicaspascual.com\u00a0, en adelante denominado \u201cSitio Web\u201d, pertenece y es gestionado por C\u00e1rnicas Pascual e Hijos SL, en lo sucesivo denominado \u201cTitular\u201d, con &hellip; Continue reading Aviso Legal\" \/>\n<meta property=\"og:url\" content=\"https:\/\/carnicaspascual.com\/?page_id=2827\" \/>\n<meta property=\"og:site_name\" content=\"C\u00e1rnicas Pascual\" \/>\n<meta property=\"article:modified_time\" content=\"2021-05-24T10:03:18+00:00\" \/>\n<meta name=\"twitter:card\" content=\"summary_large_image\" \/>\n<meta name=\"twitter:label1\" content=\"Tiempo de lectura\" \/>\n\t<meta name=\"twitter:data1\" content=\"5 minutos\" \/>\n<script type=\"application\/ld+json\" class=\"yoast-schema-graph\">{\"@context\":\"https:\\\/\\\/schema.org\",\"@graph\":[{\"@type\":\"WebPage\",\"@id\":\"https:\\\/\\\/carnicaspascual.com\\\/?page_id=2827\",\"url\":\"https:\\\/\\\/carnicaspascual.com\\\/?page_id=2827\",\"name\":\"Aviso Legal - C\u00e1rnicas Pascual\",\"isPartOf\":{\"@id\":\"https:\\\/\\\/carnicaspascual.com\\\/#website\"},\"datePublished\":\"2020-03-19T13:05:27+00:00\",\"dateModified\":\"2021-05-24T10:03:18+00:00\",\"breadcrumb\":{\"@id\":\"https:\\\/\\\/carnicaspascual.com\\\/?page_id=2827#breadcrumb\"},\"inLanguage\":\"es\",\"potentialAction\":[{\"@type\":\"ReadAction\",\"target\":[\"https:\\\/\\\/carnicaspascual.com\\\/?page_id=2827\"]}]},{\"@type\":\"BreadcrumbList\",\"@id\":\"https:\\\/\\\/carnicaspascual.com\\\/?page_id=2827#breadcrumb\",\"itemListElement\":[{\"@type\":\"ListItem\",\"position\":1,\"name\":\"Portada\",\"item\":\"https:\\\/\\\/carnicaspascual.com\\\/\"},{\"@type\":\"ListItem\",\"position\":2,\"name\":\"Aviso Legal\"}]},{\"@type\":\"WebSite\",\"@id\":\"https:\\\/\\\/carnicaspascual.com\\\/#website\",\"url\":\"https:\\\/\\\/carnicaspascual.com\\\/\",\"name\":\"C\u00e1rnicas Pascual\",\"description\":\"Carnicer\u00eda en San Sebasti\u00e1n de los Reyes y Alcobendas | Env\u00edo a domicilio |  91 651 58 52 | Tienda Online\",\"potentialAction\":[{\"@type\":\"SearchAction\",\"target\":{\"@type\":\"EntryPoint\",\"urlTemplate\":\"https:\\\/\\\/carnicaspascual.com\\\/?s={search_term_string}\"},\"query-input\":{\"@type\":\"PropertyValueSpecification\",\"valueRequired\":true,\"valueName\":\"search_term_string\"}}],\"inLanguage\":\"es\"}]}<\/script>\n<!-- \/ Yoast SEO plugin. -->","yoast_head_json":{"title":"Aviso Legal - C\u00e1rnicas Pascual","robots":{"index":"noindex","follow":"nofollow"},"og_locale":"es_ES","og_type":"article","og_title":"Aviso Legal - C\u00e1rnicas Pascual","og_description":"DATOS IDENTIFICATIVOS \u00a0En cumplimiento con el art\u00edculo 10 de la Ley 34\/2002, de 11 de julio, de Servicios de la Sociedad de la Informaci\u00f3n y del Comercio Electr\u00f3nico, se informa que el sitio web\u00a0carnicaspascual.com\u00a0, en adelante denominado \u201cSitio Web\u201d, pertenece y es gestionado por C\u00e1rnicas Pascual e Hijos SL, en lo sucesivo denominado \u201cTitular\u201d, con &hellip; Continue reading Aviso Legal","og_url":"https:\/\/carnicaspascual.com\/?page_id=2827","og_site_name":"C\u00e1rnicas Pascual","article_modified_time":"2021-05-24T10:03:18+00:00","twitter_card":"summary_large_image","twitter_misc":{"Tiempo de lectura":"5 minutos"},"schema":{"@context":"https:\/\/schema.org","@graph":[{"@type":"WebPage","@id":"https:\/\/carnicaspascual.com\/?page_id=2827","url":"https:\/\/carnicaspascual.com\/?page_id=2827","name":"Aviso Legal - C\u00e1rnicas Pascual","isPartOf":{"@id":"https:\/\/carnicaspascual.com\/#website"},"datePublished":"2020-03-19T13:05:27+00:00","dateModified":"2021-05-24T10:03:18+00:00","breadcrumb":{"@id":"https:\/\/carnicaspascual.com\/?page_id=2827#breadcrumb"},"inLanguage":"es","potentialAction":[{"@type":"ReadAction","target":["https:\/\/carnicaspascual.com\/?page_id=2827"]}]},{"@type":"BreadcrumbList","@id":"https:\/\/carnicaspascual.com\/?page_id=2827#breadcrumb","itemListElement":[{"@type":"ListItem","position":1,"name":"Portada","item":"https:\/\/carnicaspascual.com\/"},{"@type":"ListItem","position":2,"name":"Aviso Legal"}]},{"@type":"WebSite","@id":"https:\/\/carnicaspascual.com\/#website","url":"https:\/\/carnicaspascual.com\/","name":"C\u00e1rnicas Pascual","description":"Carnicer\u00eda en San Sebasti\u00e1n de los Reyes y Alcobendas | Env\u00edo a domicilio |  91 651 58 52 | Tienda Online","potentialAction":[{"@type":"SearchAction","target":{"@type":"EntryPoint","urlTemplate":"https:\/\/carnicaspascual.com\/?s={search_term_string}"},"query-input":{"@type":"PropertyValueSpecification","valueRequired":true,"valueName":"search_term_string"}}],"inLanguage":"es"}]}},"_links":{"self":[{"href":"https:\/\/carnicaspascual.com\/index.php?rest_route=\/wp\/v2\/pages\/2827","targetHints":{"allow":["GET"]}}],"collection":[{"href":"https:\/\/carnicaspascual.com\/index.php?rest_route=\/wp\/v2\/pages"}],"about":[{"href":"https:\/\/carnicaspascual.com\/index.php?rest_route=\/wp\/v2\/types\/page"}],"author":[{"embeddable":true,"href":"https:\/\/carnicaspascual.com\/index.php?rest_route=\/wp\/v2\/users\/1"}],"replies":[{"embeddable":true,"href":"https:\/\/carnicaspascual.com\/index.php?rest_route=%2Fwp%2Fv2%2Fcomments&post=2827"}],"version-history":[{"count":4,"href":"https:\/\/carnicaspascual.com\/index.php?rest_route=\/wp\/v2\/pages\/2827\/revisions"}],"predecessor-version":[{"id":3262,"href":"https:\/\/carnicaspascual.com\/index.php?rest_route=\/wp\/v2\/pages\/2827\/revisions\/3262"}],"wp:attachment":[{"href":"https:\/\/carnicaspascual.com\/index.php?rest_route=%2Fwp%2Fv2%2Fmedia&parent=2827"}],"curies":[{"name":"wp","href":"https:\/\/api.w.org\/{rel}","templated":true}]}}