{"id":2833,"date":"2020-03-20T10:42:44","date_gmt":"2020-03-20T09:42:44","guid":{"rendered":"https:\/\/carnicaspascual.com\/?page_id=2833"},"modified":"2024-09-16T11:18:26","modified_gmt":"2024-09-16T09:18:26","slug":"envios-y-devoluciones","status":"publish","type":"page","link":"https:\/\/carnicaspascual.com\/?page_id=2833","title":{"rendered":"Env\u00edos y Devoluciones"},"content":{"rendered":"<div class=\"wpb-content-wrapper\"><p>[vc_row][vc_column][vc_column_text css=&#8221;&#8221;]<\/p>\n<div class=\"vc_row wpb_row vc_row-fluid vc_custom_1542961201998\">\n<div class=\"wpb_column vc_column_container vc_col-sm-12\">\n<div class=\"vc_column-inner\">\n<div class=\"wpb_wrapper\">\n<div class=\"wpb_text_column wpb_content_element \">\n<div class=\"wpb_wrapper\">\n<h2>Env\u00edo de pedidos.<\/h2>\n<\/div>\n<\/div>\n<\/div>\n<\/div>\n<\/div>\n<\/div>\n<div class=\"wpb_column vc_column_container vc_col-sm-12\">\n<div class=\"vc_column-inner\">\n<div class=\"wpb_wrapper\">\n<div class=\"wpb_text_column wpb_content_element \">\n<div class=\"wpb_wrapper\">\n<ul>\n<li><strong>\u00bfPuedo planificar mi pedido y que la entrega sea m\u00e1s tarde?\u00a0<\/strong>\u00a1Por supuesto! Puedes hacer tu pedido hoy e indicarnos en \u201cobservaciones\u201d que d\u00eda quieres que te lo llevemos a tu direcci\u00f3n de entrega.\u00a0 Nuestro personal se pondr\u00e1 en contacto contigo para definir la hora de entrega que mejor se ajuste a tus necesidades. No olvides poner bien tu tel\u00e9fono.<\/li>\n<\/ul>\n<\/div>\n<\/div>\n<\/div>\n<\/div>\n<\/div>\n<div class=\"wpb_column vc_column_container vc_col-sm-12\">\n<div class=\"vc_column-inner\">\n<div class=\"wpb_wrapper\">\n<div class=\"wpb_text_column wpb_content_element \">\n<div class=\"wpb_wrapper\">\n<ul>\n<li><strong>\u00bfPuedo indicar una franja horaria para recibir mi pedido?\u00a0<\/strong>Si vives en la zona de San Sebasti\u00e1n de los Reyes o Alcobendas, puedes indicarnos en el apartado de \u201c<strong>Notas de pedido <\/strong>(opcional)\u201d si prefieres que te lo entreguemos por la ma\u00f1ana o por la tarde, siempre que se respeten los siguientes plazos de entrega:<\/li>\n<\/ul>\n<\/div>\n<\/div>\n<div class=\"wpb_text_column wpb_content_element \">\n<div class=\"wpb_wrapper\">\n<ul>\n<li><strong>Zona de influencia de Lunes a Viernes:<\/strong><br \/>\nSi el pedido se hace antes de las 12:00, se entrega al d\u00eda siguiente.<br \/>\nSi el pedido se hace despu\u00e9s de las 12:00 se entregar\u00e1 a las 48 horas.<br \/>\nLos pedidos realizados el d\u00eda viernes ser\u00e1n entregados el lunes siguiente o d\u00eda h\u00e1bil.<br \/>\nLos pedidos realizados los s\u00e1bados, domingos y festivos, ser\u00e1n entregados el lunes siguiente o d\u00eda h\u00e1bil.<br \/>\nNuestro personal se pondr\u00e1 en contacto telef\u00f3nicamente cuando se vaya a servir el pedido.<\/li>\n<\/ul>\n<\/div>\n<\/div>\n<\/div>\n<\/div>\n<\/div>\n<div class=\"wpb_column vc_column_container vc_col-sm-12\">\n<div class=\"vc_column-inner\">\n<div class=\"wpb_wrapper\">\n<div class=\"wpb_text_column wpb_content_element \">\n<div class=\"wpb_wrapper\">\n<ul>\n<li><strong>\u00bfPuedo recibir mi pedido en una direcci\u00f3n diferente a mi domicilio?\u00a0<\/strong>S\u00ed, una vez que te hayas registrado podr\u00e1s elegir la direcci\u00f3n de entrega. Entra en \u201cMi cuenta\u201d y luego a \u201cMis direcciones\u201d, podr\u00e1s a\u00f1adir todas las direcciones de entrega que desees.<\/li>\n<\/ul>\n<\/div>\n<\/div>\n<\/div>\n<\/div>\n<\/div>\n<div class=\"wpb_column vc_column_container vc_col-sm-12\">\n<div class=\"vc_column-inner\">\n<div class=\"wpb_wrapper\">\n<div class=\"wpb_text_column wpb_content_element \">\n<div class=\"wpb_wrapper\">\n<ul>\n<li><strong>\u00bfPuedo cambiar la fecha o el d\u00eda de entrega?\u00a0<\/strong>Si tienes un imprevisto, s\u00f3lo tendr\u00e1s que llamar a nuestro n\u00famero de Atenci\u00f3n al Cliente 606 156 970 o mandar un correo electr\u00f3nico a info@carnicaspascual.com.<\/li>\n<\/ul>\n<\/div>\n<\/div>\n<\/div>\n<\/div>\n<\/div>\n<div class=\"wpb_column vc_column_container vc_col-sm-12\">\n<div class=\"vc_column-inner\">\n<div class=\"wpb_wrapper\">\n<p><strong>Quiero estar seguro que mi pedido ha sido procesado \u00bfc\u00f3mo lo puedo comprobar?\u00a0<\/strong>Una vez tu pedido ha sido procesado, recibir\u00e1s un correo electr\u00f3nico. Si no lo recibes, observa la carpeta de correo SPAM, quiz\u00e1s tu gestor de correo lo est\u00e1 bloqueando. Tambi\u00e9n puedes consultarlo siempre en nuestra p\u00e1gina web en \u201cMi cuenta\u201d.<\/p>\n<\/div>\n<\/div>\n<\/div>\n<div class=\"wpb_column vc_column_container vc_col-sm-12\">\n<div class=\"vc_column-inner\">\n<div class=\"wpb_wrapper\">\n<div class=\"wpb_text_column wpb_content_element \">\n<div class=\"wpb_wrapper\">\n<p><strong>\u00bfPuedo hacer mi pedido por tel\u00e9fono?\u00a0<\/strong>S\u00ed, cont\u00e1ctanos v\u00eda telef\u00f3nica 606 156 970 y te ayudaremos a realizar tu pedido.<\/p>\n<\/div>\n<\/div>\n<\/div>\n<\/div>\n<\/div>\n<div class=\"wpb_column vc_column_container vc_col-sm-12\">\n<div class=\"vc_column-inner\">\n<div class=\"wpb_wrapper\">\n<div class=\"wpb_text_column wpb_content_element \">\n<div class=\"wpb_wrapper\">\n<p><strong>\u00bfC\u00f3mo puedo obtener una factura de mi pedido?\u00a0<\/strong>Siempre que realizas un pedidos, te enviamos un correo con la factura. De todos modos, tienes acceso a todas tus facturas PDF desde tu cuenta de usuario.<\/p>\n<\/div>\n<\/div>\n<\/div>\n<\/div>\n<\/div>\n<div class=\"wpb_column vc_column_container vc_col-sm-12\">\n<div class=\"vc_column-inner\">\n<div class=\"wpb_wrapper\">\n<h2 class=\"vc_empty_space\"><strong>Pol\u00edticas de Devoluci\u00f3n.<\/strong><\/h2>\n<\/div>\n<\/div>\n<\/div>\n<div class=\"wpb_column vc_column_container vc_col-sm-12\">\n<div class=\"vc_column-inner\">\n<div class=\"wpb_wrapper\">\n<div class=\"wpb_text_column wpb_content_element \">\n<div class=\"wpb_wrapper\">\n<ul>\n<li>S\u00f3lo ser\u00e1n aceptadas las devoluciones cuando el producto ha sido da\u00f1ado por el transportista ya que nuestros productos son de car\u00e1cter perecedero.<\/li>\n<\/ul>\n<\/div>\n<\/div>\n<div class=\"wpb_text_column wpb_content_element \">\n<div class=\"wpb_wrapper\">\n<ul>\n<li>Si le entrega el transportista un paquete da\u00f1ado, nunca debe aceptar su entrega.<\/li>\n<li>Cuando suceda esto debe llamar a nuestro n\u00famero de Atenci\u00f3n al Cliente\u00a0606 156 970 o mandarnos un correo electr\u00f3nico info@carnicaspascual.com\u00a0explic\u00e1ndonos el da\u00f1o que ha sufrido el pedido. Estaremos encantados de ayudarle. En ese momento, realizaremos los tr\u00e1mites necesarios ante el transportista.<\/li>\n<li>Una vez que recibamos la devoluci\u00f3n por parte del transportista, le haremos la devoluci\u00f3n del importe total.<\/li>\n<\/ul>\n<\/div>\n<\/div>\n<div class=\"vc_empty_space\"><\/div>\n<\/div>\n<\/div>\n<\/div>\n<div class=\"wpb_column vc_column_container vc_col-sm-12\">\n<div class=\"vc_column-inner\">\n<div class=\"wpb_wrapper\">\n<h2>PAGO<\/h2>\n<div class=\"wpb_text_column wpb_content_element \">\n<div class=\"wpb_wrapper\">\n<p><strong>\u00bfC\u00f3mo puedo pagar?<\/strong><\/p>\n<\/div>\n<\/div>\n<div class=\"wpb_text_column wpb_content_element \">\n<div class=\"wpb_wrapper\">\n<p>Nuestras formas de pago son las siguientes:<\/p>\n<p>\u2022 Con tarjeta de cr\u00e9dito.<\/p>\n<\/div>\n<\/div>\n<div class=\"wpb_text_column wpb_content_element \">\n<div class=\"wpb_wrapper\">\n<p><strong>Productos de precio variable<\/strong><\/p>\n<\/div>\n<\/div>\n<div class=\"wpb_text_column wpb_content_element \">\n<div class=\"wpb_wrapper\">\n<p>Los productos de peso variable, tales como frescos y al corte, pueden variar su precio en funci\u00f3n del peso final durante la preparaci\u00f3n del pedido.<\/p>\n<\/div>\n<\/div>\n<div class=\"vc_empty_space\"><\/div>\n<\/div>\n<\/div>\n<\/div>\n<div class=\"wpb_column vc_column_container vc_col-sm-12\">\n<div class=\"vc_column-inner\">\n<div class=\"wpb_wrapper\">\n<h2 class=\"vc_custom_heading\">TRANSPORTE<\/h2>\n<div class=\"wpb_text_column wpb_content_element \">\n<div class=\"wpb_wrapper\">\n<p><strong>\u00bfPuedo hacer mi pedido por tel\u00e9fono?<\/strong><\/p>\n<\/div>\n<\/div>\n<div class=\"wpb_text_column wpb_content_element \">\n<div class=\"wpb_wrapper\">\n<p>S\u00ed, cont\u00e1ctanos v\u00eda telef\u00f3nica\u00a0 y te ayudaremos a realizar tu pedido.<\/p>\n<\/div>\n<\/div>\n<\/div>\n<\/div>\n<\/div>\n<div class=\"wpb_column vc_column_container vc_col-sm-12\">\n<div class=\"vc_column-inner\">\n<div class=\"wpb_wrapper\">\n<div class=\"wpb_text_column wpb_content_element \">\n<div class=\"wpb_wrapper\">\n<p><strong>\u00bfZonas de env\u00edo?<\/strong><\/p>\n<\/div>\n<\/div>\n<div class=\"wpb_text_column wpb_content_element \">\n<div class=\"wpb_wrapper\">\n<p>San Sebasti\u00e1n de los Reyes, Alcobendas. Madrid<\/p>\n<\/div>\n<\/div>\n<\/div>\n<\/div>\n<\/div>\n<div class=\"wpb_column vc_column_container vc_col-sm-12\">\n<div class=\"vc_column-inner\">\n<div class=\"wpb_wrapper\">\n<div class=\"wpb_text_column wpb_content_element \">\n<div class=\"wpb_wrapper\">\n<p><strong>\u00bfGastos de env\u00edo?<\/strong><\/p>\n<\/div>\n<\/div>\n<div class=\"wpb_text_column wpb_content_element \">\n<div class=\"wpb_wrapper\">\n<p><strong>En San Sebasti\u00e1n de los Reyes y Alcobendas.<\/strong><\/p>\n<p>Compras superiores a 60 \u20ac, coste env\u00edo GRATIS (LUNES A VIERNES)<\/p>\n<p>Compras inferiores a 60\u20ac, coste env\u00edo 3,50\u20ac (LUNES A VIERNES)<\/p>\n<p><strong>En Madrid y zona de influencia.<\/strong><\/p>\n<p>Compras superiores a 60 \u20ac, coste env\u00edo GRATIS (LUNES A VIERNES)<\/p>\n<p>Compras inferiores a 60\u20ac, coste env\u00edo 6,50\u20ac (LUNES A VIERNES)<\/p>\n<p>Fuera de la Zona de influencia Recogida en tienda o contactar v\u00eda telef\u00f3nica.<\/p>\n<\/div>\n<\/div>\n<\/div>\n<\/div>\n<\/div>\n<div class=\"wpb_column vc_column_container vc_col-sm-12\">\n<div class=\"vc_column-inner\">\n<div class=\"wpb_wrapper\">\n<div class=\"wpb_text_column wpb_content_element \">\n<div class=\"wpb_wrapper\">\n<div class=\"wpb_text_column wpb_content_element \">\n<div class=\"wpb_wrapper\">\n<p><strong>\u00bfQui\u00e9n trae mi pedido?<\/strong><\/p>\n<\/div>\n<\/div>\n<\/div>\n<\/div>\n<div class=\"wpb_text_column wpb_content_element \">\n<div class=\"wpb_wrapper\">\n<p>Los repartidores de C\u00c1RNICAS PASCUAL E HIJOS, S.L. ser\u00e1n quienes te llevar\u00e1n la compra a casa.<br \/>\nTransporte totalmente refrigerado y acondicionado para garantizar la cadena de fr\u00edo.<\/p>\n<\/div>\n<\/div>\n<\/div>\n<\/div>\n<\/div>\n<div class=\"wpb_column vc_column_container vc_col-sm-12\">\n<div class=\"vc_column-inner\">\n<div class=\"wpb_wrapper\">\n<div class=\"wpb_text_column wpb_content_element \">\n<div class=\"wpb_wrapper\">\n<div class=\"wpb_text_column wpb_content_element \">\n<div class=\"wpb_wrapper\">\n<p><strong>\u00bfCu\u00e1les son los horarios de entrega?<\/strong><\/p>\n<\/div>\n<\/div>\n<\/div>\n<\/div>\n<div class=\"wpb_text_column wpb_content_element \">\n<div class=\"wpb_wrapper\">\n<p>Est\u00e1ndar Gratuito menos de 48 horas naturales de lunes a viernes.<br \/>\nLos pedidos realizados los\u00a0 s\u00e1bados, domingos y festivos, ser\u00e1n entregados el lunes siguiente.<\/p>\n<\/div>\n<\/div>\n<\/div>\n<\/div>\n<\/div>\n<div class=\"wpb_column vc_column_container vc_col-sm-12\">\n<div class=\"vc_column-inner\">\n<div class=\"wpb_wrapper\">\n<div class=\"wpb_text_column wpb_content_element \">\n<div class=\"wpb_wrapper\">\n<div class=\"wpb_text_column wpb_content_element \">\n<div class=\"wpb_wrapper\">\n<p><strong>IVA incluido en todos los precios<\/strong><\/p>\n<\/div>\n<\/div>\n<\/div>\n<\/div>\n<div class=\"wpb_text_column wpb_content_element \">\n<div class=\"wpb_wrapper\">\n<p>Todos los precios tienen incluido el IVA. Es decir, en la factura de cada pedido el precio final ya incluye el mismo.<\/p>\n<\/div>\n<\/div>\n<\/div>\n<\/div>\n<\/div>\n<div class=\"wpb_column vc_column_container vc_col-sm-12\">\n<div class=\"vc_column-inner\">\n<div class=\"wpb_wrapper\">\n<div class=\"wpb_text_column wpb_content_element \">\n<div class=\"wpb_wrapper\">\n<h2>ATENCI\u00d3N AL CLIENTE<\/h2>\n<\/div>\n<\/div>\n<\/div>\n<\/div>\n<\/div>\n<div class=\"wpb_column vc_column_container vc_col-sm-12\">\n<div class=\"vc_column-inner\">\n<div class=\"wpb_wrapper\">\n<div class=\"wpb_text_column wpb_content_element \">\n<div class=\"wpb_wrapper\">\n<p>Direcci\u00f3n: Avd de la Independencia 15 local<br \/>\nTel\u00e9fono: +34 606 156 970<br \/>\nLunes a Viernes de 9:00 a 14:00 y de 17:00 a 20:00<br \/>\nS\u00e1bados de 9:00 a 14:00<br \/>\nCorreo electr\u00f3nico: info@carnicaspascual.com<\/p>\n<\/div>\n<\/div>\n<\/div>\n<\/div>\n<\/div>\n<p>[\/vc_column_text][\/vc_column][\/vc_row]<\/p>\n<\/div>","protected":false},"excerpt":{"rendered":"<p>[vc_row][vc_column][vc_column_text css=&#8221;&#8221;] Env\u00edo de pedidos. \u00bfPuedo planificar mi pedido y que la entrega sea m\u00e1s tarde?\u00a0\u00a1Por supuesto! Puedes hacer tu pedido hoy e indicarnos en \u201cobservaciones\u201d que d\u00eda quieres que te lo llevemos a tu direcci\u00f3n de entrega.\u00a0 Nuestro personal se pondr\u00e1 en contacto contigo para definir la hora de entrega que mejor se ajuste &hellip; <a href=\"https:\/\/carnicaspascual.com\/?page_id=2833\" class=\"more-link\">Continue reading <span class=\"screen-reader-text\">Env\u00edos y Devoluciones<\/span><\/a><\/p>\n","protected":false},"author":1,"featured_media":0,"parent":0,"menu_order":0,"comment_status":"closed","ping_status":"closed","template":"","meta":{"footnotes":""},"class_list":["post-2833","page","type-page","status-publish","hentry"],"yoast_head":"<!-- This site is optimized with the Yoast SEO plugin v27.5 - https:\/\/yoast.com\/product\/yoast-seo-wordpress\/ -->\n<title>Env\u00edos y Devoluciones - C\u00e1rnicas Pascual<\/title>\n<meta name=\"robots\" content=\"noindex, nofollow\" \/>\n<meta property=\"og:locale\" content=\"es_ES\" \/>\n<meta property=\"og:type\" content=\"article\" \/>\n<meta property=\"og:title\" content=\"Env\u00edos y Devoluciones - C\u00e1rnicas Pascual\" \/>\n<meta property=\"og:description\" content=\"[vc_row][vc_column][vc_column_text css=&#8221;&#8221;] Env\u00edo de pedidos. \u00bfPuedo planificar mi pedido y que la entrega sea m\u00e1s tarde?\u00a0\u00a1Por supuesto! Puedes hacer tu pedido hoy e indicarnos en \u201cobservaciones\u201d que d\u00eda quieres que te lo llevemos a tu direcci\u00f3n de entrega.\u00a0 Nuestro personal se pondr\u00e1 en contacto contigo para definir la hora de entrega que mejor se ajuste &hellip; Continue reading Env\u00edos y Devoluciones\" \/>\n<meta property=\"og:url\" content=\"https:\/\/carnicaspascual.com\/?page_id=2833\" \/>\n<meta property=\"og:site_name\" content=\"C\u00e1rnicas Pascual\" \/>\n<meta property=\"article:modified_time\" content=\"2024-09-16T09:18:26+00:00\" \/>\n<meta name=\"twitter:card\" content=\"summary_large_image\" \/>\n<meta name=\"twitter:label1\" content=\"Tiempo de lectura\" \/>\n\t<meta name=\"twitter:data1\" content=\"4 minutos\" \/>\n<script type=\"application\/ld+json\" class=\"yoast-schema-graph\">{\"@context\":\"https:\\\/\\\/schema.org\",\"@graph\":[{\"@type\":\"WebPage\",\"@id\":\"https:\\\/\\\/carnicaspascual.com\\\/?page_id=2833\",\"url\":\"https:\\\/\\\/carnicaspascual.com\\\/?page_id=2833\",\"name\":\"Env\u00edos y Devoluciones - C\u00e1rnicas Pascual\",\"isPartOf\":{\"@id\":\"https:\\\/\\\/carnicaspascual.com\\\/#website\"},\"datePublished\":\"2020-03-20T09:42:44+00:00\",\"dateModified\":\"2024-09-16T09:18:26+00:00\",\"breadcrumb\":{\"@id\":\"https:\\\/\\\/carnicaspascual.com\\\/?page_id=2833#breadcrumb\"},\"inLanguage\":\"es\",\"potentialAction\":[{\"@type\":\"ReadAction\",\"target\":[\"https:\\\/\\\/carnicaspascual.com\\\/?page_id=2833\"]}]},{\"@type\":\"BreadcrumbList\",\"@id\":\"https:\\\/\\\/carnicaspascual.com\\\/?page_id=2833#breadcrumb\",\"itemListElement\":[{\"@type\":\"ListItem\",\"position\":1,\"name\":\"Portada\",\"item\":\"https:\\\/\\\/carnicaspascual.com\\\/\"},{\"@type\":\"ListItem\",\"position\":2,\"name\":\"Env\u00edos y Devoluciones\"}]},{\"@type\":\"WebSite\",\"@id\":\"https:\\\/\\\/carnicaspascual.com\\\/#website\",\"url\":\"https:\\\/\\\/carnicaspascual.com\\\/\",\"name\":\"C\u00e1rnicas Pascual\",\"description\":\"Carnicer\u00eda en San Sebasti\u00e1n de los Reyes y Alcobendas | Env\u00edo a domicilio |  91 651 58 52 | Tienda Online\",\"potentialAction\":[{\"@type\":\"SearchAction\",\"target\":{\"@type\":\"EntryPoint\",\"urlTemplate\":\"https:\\\/\\\/carnicaspascual.com\\\/?s={search_term_string}\"},\"query-input\":{\"@type\":\"PropertyValueSpecification\",\"valueRequired\":true,\"valueName\":\"search_term_string\"}}],\"inLanguage\":\"es\"}]}<\/script>\n<!-- \/ Yoast SEO plugin. -->","yoast_head_json":{"title":"Env\u00edos y Devoluciones - C\u00e1rnicas Pascual","robots":{"index":"noindex","follow":"nofollow"},"og_locale":"es_ES","og_type":"article","og_title":"Env\u00edos y Devoluciones - C\u00e1rnicas Pascual","og_description":"[vc_row][vc_column][vc_column_text css=&#8221;&#8221;] Env\u00edo de pedidos. \u00bfPuedo planificar mi pedido y que la entrega sea m\u00e1s tarde?\u00a0\u00a1Por supuesto! Puedes hacer tu pedido hoy e indicarnos en \u201cobservaciones\u201d que d\u00eda quieres que te lo llevemos a tu direcci\u00f3n de entrega.\u00a0 Nuestro personal se pondr\u00e1 en contacto contigo para definir la hora de entrega que mejor se ajuste &hellip; Continue reading Env\u00edos y Devoluciones","og_url":"https:\/\/carnicaspascual.com\/?page_id=2833","og_site_name":"C\u00e1rnicas Pascual","article_modified_time":"2024-09-16T09:18:26+00:00","twitter_card":"summary_large_image","twitter_misc":{"Tiempo de lectura":"4 minutos"},"schema":{"@context":"https:\/\/schema.org","@graph":[{"@type":"WebPage","@id":"https:\/\/carnicaspascual.com\/?page_id=2833","url":"https:\/\/carnicaspascual.com\/?page_id=2833","name":"Env\u00edos y Devoluciones - C\u00e1rnicas Pascual","isPartOf":{"@id":"https:\/\/carnicaspascual.com\/#website"},"datePublished":"2020-03-20T09:42:44+00:00","dateModified":"2024-09-16T09:18:26+00:00","breadcrumb":{"@id":"https:\/\/carnicaspascual.com\/?page_id=2833#breadcrumb"},"inLanguage":"es","potentialAction":[{"@type":"ReadAction","target":["https:\/\/carnicaspascual.com\/?page_id=2833"]}]},{"@type":"BreadcrumbList","@id":"https:\/\/carnicaspascual.com\/?page_id=2833#breadcrumb","itemListElement":[{"@type":"ListItem","position":1,"name":"Portada","item":"https:\/\/carnicaspascual.com\/"},{"@type":"ListItem","position":2,"name":"Env\u00edos y Devoluciones"}]},{"@type":"WebSite","@id":"https:\/\/carnicaspascual.com\/#website","url":"https:\/\/carnicaspascual.com\/","name":"C\u00e1rnicas Pascual","description":"Carnicer\u00eda en San Sebasti\u00e1n de los Reyes y Alcobendas | Env\u00edo a domicilio |  91 651 58 52 | Tienda Online","potentialAction":[{"@type":"SearchAction","target":{"@type":"EntryPoint","urlTemplate":"https:\/\/carnicaspascual.com\/?s={search_term_string}"},"query-input":{"@type":"PropertyValueSpecification","valueRequired":true,"valueName":"search_term_string"}}],"inLanguage":"es"}]}},"_links":{"self":[{"href":"https:\/\/carnicaspascual.com\/index.php?rest_route=\/wp\/v2\/pages\/2833","targetHints":{"allow":["GET"]}}],"collection":[{"href":"https:\/\/carnicaspascual.com\/index.php?rest_route=\/wp\/v2\/pages"}],"about":[{"href":"https:\/\/carnicaspascual.com\/index.php?rest_route=\/wp\/v2\/types\/page"}],"author":[{"embeddable":true,"href":"https:\/\/carnicaspascual.com\/index.php?rest_route=\/wp\/v2\/users\/1"}],"replies":[{"embeddable":true,"href":"https:\/\/carnicaspascual.com\/index.php?rest_route=%2Fwp%2Fv2%2Fcomments&post=2833"}],"version-history":[{"count":9,"href":"https:\/\/carnicaspascual.com\/index.php?rest_route=\/wp\/v2\/pages\/2833\/revisions"}],"predecessor-version":[{"id":3990,"href":"https:\/\/carnicaspascual.com\/index.php?rest_route=\/wp\/v2\/pages\/2833\/revisions\/3990"}],"wp:attachment":[{"href":"https:\/\/carnicaspascual.com\/index.php?rest_route=%2Fwp%2Fv2%2Fmedia&parent=2833"}],"curies":[{"name":"wp","href":"https:\/\/api.w.org\/{rel}","templated":true}]}}